. What is d(-19)?
-11
Let u(w) be the second derivative of -w**5/20 - w**4/6 + w**3/2 + w**2 - 84081*w. Let b be 1*6*2/(-4). Give u(b).
2
Let p be (168/(-108))/7 + 38/9. Let k(y) = y**2 + 5. Calculate k(p).
21
Let t = 140 + -301. Let g = t - -100. Let l = g - -65. Let k(w) = -w**2 + 4*w + 2. What is k(l)?
2
Let a be (1/(-3))/(1/(-15)). Suppose x = -a*n - 9, -x - 2*n = n + 7. Let p be (-26)/(-8) - ((-33)/x)/(-11). Let u(g) = g - 3. Calculate u(p).
1
Let t = -4136 - -4151. Let r(z) = z**3 - 16*z**2 + 13*z + 24. Determine r(t).
-6
Let w(d) be the third derivative of -21*d**2 + 1/24*d**4 + 0*d + 0 - 1/3*d**3 + 1/60*d**5. Suppose 0 = -9*m + 9 + 27. Give w(m).
18
Let t(n) be the second derivative of 2*n**3 + n**2/2 + 2968*n. Give t(1).
13
Suppose -20 + 8 = 3*r. Suppose 3*g - 8*g + 70 = 0. Let s(y) = 3*y + 1. Let m(t) = t. Let v(h) = g*m(h) + r*s(h). Determine v(5).
6
Let t(q) be the second derivative of 7*q**3/6 + 534*q - 2. Determine t(-5).
-35
Let a(n) = -n - 3. Let h = -68 + 110. Let f(r) = -17 - 21 + r + h. Let k(d) = -3*a(d) - 4*f(d). Give k(0).
-7
Let j(g) = 2*g**3 - 7*g**2 - 9*g + 8. Let k be j(6). Let t be ((-740)/666)/(2/(-18)). Suppose 44 = -t*q + k. Let l(p) = p**3 - 10*p**2 + 7*p + 10. What is l(q)?
-8
Suppose -3*l - 32 = z, -213*l + 5*z + 7 = -211*l. Let v(r) = -r**3 - 6*r**2 + 28*r + 8. Give v(l).
-1
Let z be 54/8*24/6. Let t = z - 36. Let d be (-37)/5 - t/(-15). Let i(h) = -h**3 - 8*h**2 - h + 1. Calculate i(d).
9
Let u(i) = -3*i**3 - 34*i**2 + 9*i - 16. Let g(a) = -a**3 - 16*a**2 + 6*a - 8. Let l(f) = 5*g(f) - 2*u(f). What is l(11)?
3
Let q(o) = o**3 - 23*o**2 - o + 25. Let d be q(23). Suppose -3*j - d*r = -31, -j = 4*j + r - 47. Suppose 105*z - j = 108*z. Let s(f) = 2*f + 3. What is s(z)?
-3
Let y(d) = -d - 10. Let t be 8/6*72/16. Let i(k) = k**2 - 7*k + 12. Let q be i(t). Suppose 13 = -q*z - 29. Determine y(z).
-3
Let n(f) = f**3 + 30*f**2 - 36*f - 161. Let x be (-8880)/288 + 2/(-12). What is n(x)?
-6
Let d(q) = -2*q**2 - 10*q - 1. Suppose 2*r - 7 = -86*w + 81*w, 2*w = -5*r - 14. Give d(r).
7
Let a(n) = -n. Let q(v) = -3*v. Let x(i) = -8*a(i) + 3*q(i). Let d(g) = -g**3 + 9*g**2 + 30. Let l be d(9). Suppose 0 = 3*f - l + 9. Give x(f).
-7
Let j(w) be the second derivative of 1/2*w**3 + 1 - w - 1/2*w**2. Calculate j(5).
14
Let o(l) be the third derivative of 0*l - 19/6*l**3 + 1/24*l**4 + 8*l**2 + 0. Let h be 0/(49/(9 + -2) - 6). Calculate o(h).
-19
Let v(u) = -u**3 - 19*u**2 - 16*u + 36. Suppose 9 = h - 6. Suppose -5*z - 105 = -h. Let m be v(z). Let g(r) = -r**3 + r + 3. Give g(m).
3
Let k = -16474 - -16474. Let v(d) be the first derivative of 1/2*d**2 + k*d - 11. What is v(10)?
10
Let u(g) be the first derivative of 1/12*g**4 + 2 + 4*g - g**2 + 1/6*g**3. Let j(b) be the first derivative of u(b). Calculate j(2).
4
Let j = 69363 - 69364. Let f(i) be the first derivative of i**6/36 + i**5/60 + i**4/24 + i**3/3 + 1. Let m(l) be the third derivative of f(l). What is m(j)?
9
Let o(j) = -j + 57. Let t be o(5). Let v(l) = 6*l**3 + t*l - 2*l**2 - 2*l**3 + 1 - 55*l - 3*l**3. Give v(3).
1
Let p(v) = v + 9. Let o be (-227)/3 + (-8)/24. Let x = -49 - o. Suppose -3*k + x = -6*k. What is p(k)?
0
Suppose -4*a - 1 + 9 = 0. Let d be (4 - -1)*1 - 0/12. Let y(f) = 5 - f**3 - 5*f - 2*f + d*f + 5*f**a. Calculate y(5).
-5
Let d(c) = 67 + c**2 - 18*c + 22 - 72. Calculate d(17).
0
Suppose -3*k - 171 = -0*k. Let w = k + 52. Let m(r) = 3*r - 5. Let s(j) = j. Let u(a) = -m(a) + 4*s(a). Give u(w).
0
Let v(n) = -8*n**3 - 41*n**2 - 39*n - 12. Let q(z) = 5*z**3 + 39*z**2 + 38*z + 11. Let u(o) = -3*q(o) - 2*v(o). Give u(36).
-9
Let d(y) = -y**2 - 6*y - 1. Let l be ((-4)/16 - (-3)/12)/2. Suppose i - 2*i - 13 = l. Let b = 8 + i. What is d(b)?
4
Suppose -2*o = 5*z - z - 324, -3*o + 513 = -3*z. Suppose -15*i - 13*i = -o. Let y(g) = g**3 - 6*g**2 + 2*g - 6. Give y(i).
6
Let p = -222 - -135. Let r = p + 80. Let g(w) = -w**2 - 8*w + 3. What is g(r)?
10
Let l = 11136 - 11136. Let u(k) = -5*k - 3. Let w(t) = -6*t - 2. Let n(y) = -7*u(y) + 6*w(y). What is n(l)?
9
Suppose 318*d - 66 = 570. Let x(v) be the first derivative of -13/2*v**d - 24 + v. Determine x(1).
-12
Let l(k) = k**2 + k. Suppose 0 = -4*b - 7*b + 11. Let i(c) = -4*c**2 - 6*c + 3. Let f(s) = b*i(s) + 3*l(s). Give f(-3).
3
Let x(p) = 7*p - 104. Let f(d) = 2*d - 37. Let w(b) = -11*f(b) + 4*x(b). Calculate w(3).
9
Let y(p) = p**2 - 7*p - 4*p - 5*p**3 - 1 + 3*p**3 + 8*p + 2*p. Let b(z) = z**3 + 6*z**2 - 10*z + 3. Let q(u) = b(u) + y(u). Determine q(5).
-3
Suppose 18 = 3*d - 5*p - 6, -12 = 4*p. Let g(i) = 3*i**3 - 4*i**2 + 8*i + 4. Let s be g(d). Let t = -76 + s. Let m(b) = -b. Give m(t).
3
Suppose 107*o + 39 = -3*l + 112*o, o = 3. Let u(n) = 4*n - 6. What is u(l)?
-38
Let n(d) be the second derivative of d**7/630 + d**6/144 + d**5/24 - 21*d**4/2 + d. Let a(t) be the third derivative of n(t). Determine a(-2).
11
Let t(c) = -18*c + 50. Let p(z) = 32*z**2 + 190*z - 9. Let m be p(-6). Calculate t(m).
-4
Let x(v) be the third derivative of -5*v**4/12 + v**3/6 - 1773*v**2. Suppose 0 = -j + 5*j - 5*p + 18, -2 = -3*j - 4*p. Give x(j).
21
Let d(a) be the first derivative of a - 1/3*a**3 + 2*a**2 - 4. Let k(s) = 6*s + 39. Let o be k(-6). What is d(o)?
4
Let w(c) be the second derivative of c**5/20 - 3*c**4/2 + 19*c**3/6 - 20*c**2 + c - 1158. Calculate w(17).
-6
Let c(u) = u**2 - 25*u + 128. Let y be c(7). Let r(g) = -1 + 6919*g**2 + y - 5 - 2*g - 6920*g**2. Let z = -7 + 4. Determine r(z).
-7
Let p(b) = b. Let n(o) be the first derivative of o**2/2 + o - 17. Let x(t) = -3*n(t) + 4*p(t). Suppose -7*m = -11*m. What is x(m)?
-3
Let k(r) = 63*r**2 - 49*r - 71. Let v(m) = -29*m**2 + 24*m + 35. Let u(x) = 6*k(x) + 13*v(x). Determine u(-17).
12
Let z = 226 - 362. Let i be z/68*(-3)/(-2). Let g(f) = 7*f - 4*f + 2 + f**2 + 1. What is g(i)?
3
Let h(a) = 25*a**3 - 9*a**2 + 5*a + 80. Let d(z) = -11*z**3 + 4*z**2 - 2*z - 40. Let f(s) = -9*d(s) - 4*h(s). What is f(0)?
40
Let z(u) = -320*u - 7*u**2 - 13 + 318*u + 289*u**3 - 290*u**3. What is z(-7)?
1
Let x(g) = 3*g - 28. Suppose 234*s + 1345 = -2165. Determine x(s).
-73
Let j(a) = -20*a - 14*a + 56*a - 18 - 22*a - 24*a**2 - a**3. Determine j(-24).
-18
Let h(w) = -w**2 - 6*w + 4. Let v be (-2)/6*252/(-21) + -2 + -7. Determine h(v).
9
Let s = -6 - -1. Let h be (s/(-1))/(0 + -1). Let c(o) be the first derivative of -o**4/4 - 2*o**3 - 2*o**2 - 4*o + 2625. Give c(h).
-9
Suppose 0*o - 2*o = -6*o. Suppose -5*t + 3*t + o*t = 0. Let r(y) = -1 - 4*y**2 + t*y - y**2 - 3*y. What is r(-2)?
-15
Let y(c) = -11*c - 86. Let u be y(-8). Suppose -u*b + 276 - 258 = 0. Let f(s) = -11 - s + 9*s**2 - 6*s - 8*s**2. What is f(b)?
7
Let p be (101 + 7)*((-8)/6 - -2). Let r = 74 - p. Suppose -q + 5*q + 22 = r*t, -t - 24 = 5*q. Let u(b) = 2*b**3 - b**2. Calculate u(t).
1
Let b(f) be the third derivative of f**6/120 - f**4/12 + f**3/2 - 146*f**2 - 1. Give b(-4).
-53
Let j be 2/(-14) + (-3)/((-21)/29). Let h(b) be the first derivative of 4*b + 6 - 5/2*b**2. What is h(j)?
-16
Suppose 0*t - 3*t = -21. Suppose 2*j + 2*b = -0*j + 2, j = b - t. Let h(k) = -4*k**2 + 81*k - 168*k + 82*k - k**3 - 4. Calculate h(j).
2
Let b(r) be the third derivative of -r**5/60 + 19*r**4/24 + 7*r**3/2 - r**2 + 629. Give b(20).
1
Let r(g) = 40*g + 1. Suppose -f + 11 = -5*d, -16*f = -19*f + 4*d. Let v(c) = -c**3 + 14*c - 9. Let k be v(f). Determine r(k).
-39
Let l(d) be the third derivative of -d**5/60 - d**4/8 + d**3/6 + d**2. Let w be ((-195)/(-1170))/(2/(-36)). Calculate l(w).
1
Let l(j) be the second derivative of -j**8/6720 + j**7/2520 - j**6/720 - j**5/15 + 241*j**4/12 + 85*j. Let a(d) be the third derivative of l(d). What is a(0)?
-8
Let o be -34*(15 - (-174)/(-12)). Let c(w) = 5*w + 39. Determine c(o).
-46
Let k(o) = 2*o**2 - o - 5. Suppose 206*j = 207*j - 52. Suppose -47*f + j*f = 0. Give k(f).
-5
Let w(p) = -817*p - 812*p - 122 + 1613*p. What is w(-8)?
6
Let a(w) = -676 + w**3 + 340 - 12*w**2 + 329 - 3*w**3 + 0*w**3 + 12*w. What is a(-7)?
7
Let t(o) be the second derivative of 0 - 1/12*o**4 - 3/2*o**2 + 122*o + 5/6*o**3. Determine t(6).
-9
Suppose -7*y + 3*y + 140 = 0. Let r be (-1)/((-1)/39) - (y - 36). Suppose -5*q - 24 = 4*x + 21, 5*x + r = -3*q. Let j(i) = i**2 + 7*i - 1. Determine j(q).
-11
Let w(o) = -o**2 + 19*o - 30. Let b be (